p). Suppose 2*h - 302 = -2*m, 3*m = u*h + 6*m - 602. Is h composite?
False
Let c = -8151 + 12734. Is c a prime number?
True
Let g(i) = 53*i**3 + 4*i**2 - 2*i + 4. Let t be g(4). Suppose t = 4*v - 0*v. Let w = v + -228. Is w a prime number?
False
Suppose -4*v - 4*a + 9636 = 0, -3*a = 2*v - 888 - 3926. Is v a composite number?
True
Let x(y) = 2*y**2 - 13*y - 3. Let k be x(10). Is -3 + -2*-11*k a prime number?
True
Let c = 7309 - 4806. Is c a prime number?
True
Suppose 4*t - 114 = -1790. Let c = 924 + t. Is c prime?
False
Suppose 23 = -9*p + 14. Is (p + (-305)/2)/((-4)/8) a composite number?
False
Let w(m) = -5*m**3 - 6*m**2 + 11*m - 15. Let z be w(3). Let f be (-2)/9 - (-736)/(-9). Let c = f - z. Is c a prime number?
True
Is (-11674 - (3 + 0))/(-1) a prime number?
True
Suppose 0 = -c - 3*d + 217 + 21, c = d + 254. Suppose 228 = 3*u - 4*i, 4*u = 3*i + 47 + c. Is (-1)/(2/(-4)) + u composite?
True
Let p(f) = 3359*f - 81. Is p(2) a composite number?
False
Is (6 - (2 - -1))/((-6)/(-1574)) a prime number?
True
Let z(j) = -j**2 - 5*j + 1721. Is z(0) a prime number?
True
Let h(u) = -4*u**2 + 8*u - 5. Let p(w) = 9*w**2 - 16*w + 11. Let g(q) = 11*h(q) + 6*p(q). Is g(7) a prime number?
False
Is 80/10 + 114947/(11 + -4) a composite number?
True
Let j = 5 + -1. Suppose 0*b - 3*b = 3*r - 120, -j*r - 200 = -4*b. Suppose -c + 182 = f, -c + 4*f + 117 = -b. Is c composite?
True
Suppose 0 = 5*v - 0*v. Suppose v = -5*w + 40 + 15. Let b = 36 + w. Is b a prime number?
True
Let b = 22 + -35. Let t = 8 + b. Let w(o) = 3*o**2 + 5*o - 3. Is w(t) composite?
False
Let d = -2596 + 15725. Is d a prime number?
False
Suppose -9724105 + 3148025 = -80*y. Is y a composite number?
True
Is 26724 - (-7 - (-1 - -5)) a composite number?
True
Suppose 1328 = -2*q + o, -7*q + 2*q - 3*o - 3298 = 0. Let j = 1099 + q. Is j prime?
False
Suppose 4*s = -v - 14, 2*s = -4*v + 10 + 4. Suppose v*w - 1143 = -3*w. Is w a composite number?
False
Let b(i) be the second derivative of -3*i**5/20 + i**4/3 - 5*i**3/6 - 9*i**2/2 - 7*i. Let x be b(8). Let t = 214 - x. Is t composite?
False
Let k(b) = 2*b**3 + 4*b**2 + b - 2. Let n be 4/(-1)*(-11)/(-22). Let p be k(n). Is (-552)/(-10) + p/20 composite?
True
Let s(z) = -3*z. Let h be s(-2). Let d(r) = r + 3*r - 5 + r**3 - 2*r - 4*r - 2*r**2. Is d(h) a prime number?
True
Suppose -3*p = -0*s - s + 4834, 0 = 4*s + 2*p - 19266. Is s composite?
True
Let c(h) = h**3 - h. Let w be c(0). Let k = w - -2. Is (-223)/2*(0 - k) a composite number?
False
Let g(j) = -505*j + 13. Let d be g(4). Is ((-2)/3)/(8031/d - -4) composite?
True
Suppose -14*q + 127933 + 38457 = 0. Is q a composite number?
True
Suppose 2*k - 5*u - 16 = 0, 7 = -2*k + k - 5*u. Let w be 5 - (-1 - (k - 6)). Suppose 6*h + w*v = 2*h + 2893, 5*h - 2*v = 3599. Is h prime?
False
Is (0 - 5)/(125/(-276425)) a prime number?
True
Suppose 3*n + 5 - 3 = -2*j, -3*j - 8 = 2*n. Let s be n + 3 + (-4 - -1). Suppose 5*y - s*h - 452 - 142 = 0, -5*h + 462 = 4*y. Is y a prime number?
False
Suppose 5*w - 1463 + 433 = 0. Suppose 3*j - 3*b + 0*b = 654, j - 4*b = w. Suppose -4*q + 216 = -4*s, -4*s = -4*q - 2*s + j. Is q prime?
False
Suppose 3*z + 6*g - 665 = 2*g, 0 = -z + 2*g + 225. Is 17/(-34)*(-1 - 1)*z prime?
True
Let i be 3 - 5 - (-1 + 2). Let x(g) = 57*g**2 - 4*g - 4. Is x(i) a prime number?
True
Let a(k) = -k**3 - 5*k**2 + 8*k - 4. Let l be a(-6). Let w = -11 - l. Suppose -4*x - 239 = -w*x. Is x composite?
False
Let k = 38 - 33. Let a be ((-25)/(-5))/k*282. Suppose -u = u - a. Is u a composite number?
True
Suppose -389*n = -383*n - 132882. Is n prime?
True
Suppose -613255 - 39515 = -18*b. Is b composite?
True
Let c = 34 - 24. Suppose -4*x + 3*m = -c - 2, -x = -5*m - 3. Is (-3)/(2 - x) + 52 prime?
False
Let a = 103113 - 67966. Is a composite?
True
Let w = -50473 + 129858. Is w a prime number?
False
Let k(g) = -g**3 - 13*g**2 + 12*g - 19. Let w be k(-14). Let b(v) = v**3 - 8*v**2 - 7*v - 12. Let f be b(w). Let x = 37 - f. Is x composite?
False
Let t be (-20)/(-3) + 60/45. Suppose 0*y - t*y = -6712. Is y composite?
False
Let a = -83 - -86. Suppose 3*z - 2*r = 1041, -2*z + 683 = a*r - 11. Is z a composite number?
False
Let l be 8/(-6)*(-5 - 1). Let k = 10 - l. Suppose 4*n - n = 2*q - 691, k*q - 2*n = 692. Is q a composite number?
False
Let g = 3269 - -29430. Is g prime?
False
Let x = -798 - -2566. Suppose 2*a - 5*a - r + 8 = 0, 0 = -r - 4. Suppose x = 2*n + 3*o, 2*o + 2665 = a*n - n. Is n a composite number?
False
Let y = -89 + 86. Let w(s) = -164*s**3 - 5*s**2 - 5*s - 7. Is w(y) a composite number?
False
Suppose -22*w + 17*w + 50554 = 3*m, m = -4*w + 16863. Is m a composite number?
False
Let r be ((-5)/(-5)*0)/(2/2). Let i be (1 + 1)*(-1)/2. Is (r - i)*154 - -3 a prime number?
True
Suppose -5*d - 2*h + 1966 = 0, -2*d + 2*h + 996 = 204. Is d composite?
True
Suppose -4*m = 6*m - 36900. Suppose -h = 5*b + 4*h - m, h = 5*b - 3720. Is b a composite number?
False
Let l be (-24)/(-7) + 54/(-126). Let m(b) = 343*b**2 + b. Let c be m(l). Is c/15 + (-3 - 1) a prime number?
False
Let z be 1484 + 2 + 2 + -6. Let n = z + -475. Is n composite?
True
Let m be (1 + 9)*3/5. Suppose -m*t + t = 0. Suppose -5*i - 5*g = -t*i - 270, 16 = -4*g. Is i composite?
True
Let o = 25593 - 14924. Is o a composite number?
True
Let j = 59 - 27. Let s = j + 65. Is s a prime number?
True
Let s be (-2)/17 + (-48163)/(-17). Suppose -5*m + 5642 = -m + 2*v, 2*m = -5*v + s. Is m a composite number?
False
Let u(j) = 64*j**3 - j. Let h be u(1). Let s be (0 - -1)/((-7)/h). Let r = 28 - s. Is r a prime number?
True
Let p = 109 + -105. Suppose p*h - 2928 = -2*y, h - 775 + 40 = y. Is h composite?
False
Let a be (126/(-6))/((-6)/(-4)). Let w be a/(-4)*22/11. Suppose 0 = -w*f + 11*f - 568. Is f composite?
True
Is (-111)/(-37)*1/((-9)/(-9411)) composite?
False
Let o be (-2)/4*(2 - 2). Suppose -3*k + 8*k - 670 = o. Is k a prime number?
False
Let h = -6 - -51. Let q be (-350)/h + (-2)/9. Is (23 - 1)/(q/(-20)) a prime number?
False
Let u = -317 + 462. Is u a prime number?
False
Suppose -14*j = -3*j - 7337. Is j a prime number?
False
Let w = 6 - -1. Suppose -2*v + f + 0 = -4, f + w = 3*v. Suppose 5*m - 442 = v*u, 4*u + 122 = m + 37. Is m a prime number?
True
Let r = -919 + 1376. Let f = r - 84. Is f a composite number?
False
Let t = -37 - 5429. Let x = -2603 - t. Is x a composite number?
True
Let t(q) = 20*q**2 + 29*q + 122. Is t(-4) a prime number?
False
Let w be (-4)/6 + (10722/(-9) - -5). Let l = 2367 - w. Is l a composite number?
True
Let t be (-3)/((-3)/2) - (-640)/(-10). Let h = 257 - t. Is h prime?
False
Suppose 2161 = c - 2542. Is c a composite number?
False
Suppose 2*u = m - 2*m + 3, 3*u - 7 = -m. Let a be u/10*(-10)/(-4). Is a/(2 - (-501)/(-251)) prime?
True
Let k be -3 - (-1989)/3 - -1. Suppose 2*h = x - 2*h - k, 2*x + 5*h - 1257 = 0. Is x composite?
False
Suppose -q = 4*q + 4*z - 13174, 2*z = -3*q + 7906. Is q a composite number?
True
Suppose 0 = -2*a + c + 7469, 2*a + 2*c - 2153 = 5331. Is a a composite number?
True
Let s(d) = d**3 - 7*d**2 + 3*d - 9. Let y be s(7). Suppose 0 = 3*a + y*a - 25170. Is a composite?
True
Suppose -2*w - 45 = 3*w. Let l(d) = d + 12. Let c be l(w). Suppose i + 42 = c*i. Is i a prime number?
False
Let n be (4 + -1)/6*0. Suppose -y = -0*c - 2*c + 1614, n = -4*y. Is c a composite number?
True
Let k be (6/(-4))/((-6)/(-56)). Let r = k + 17. Suppose -2*p + r*p - 293 = 4*m, 5*m + 586 = 2*p. Is p prime?
True
Suppose -4*k + 15377 = 5369. Let z = k + -967. Is z a prime number?
False
Suppose -31*p + 72475 = -6*p. Is p composite?
True
Let k(h) = 285*h**2 - 1. Let z be k(-1). Suppose -5*i = 491 + z. Let o = 282 + i. Is o prime?
True
Suppose -1744 = -11*n + 1930. Suppose -363 = 4*s + 225. Let p = n + s. Is p a composite number?
True
Suppose -873348 = -44*i + 115024. Is i prime?
False
Let n = 80 + -78. Suppose n*h - 302 = 224. Is h a composite number?
False
Suppose -3*l + 5 = 3*s + 2*l, 2*s = -2*l + 6. Suppose 0 = j - m - 252, 3*j - 2*j + s*m - 270 = 0. Suppose 6 = -3*k + j. Is k a prime number?
True
Let w be (-59344)/(-6)*(-81)/(-36). Suppose -10*o = -w - 13016. Is o prime?
True
Suppose 0 = -11*t - 45 + 45. Let p(v) = v - 1. Let z be p(6). Suppose 20 = z*c, 0 = 4*j - t*j + 3*c - 136. Is j a composite number?
False
Let z = 3356 - -7661. Is z composit